is the remainder when l is divided by 11?
7
Let l = 326 + -224. What is the remainder when l is divided by 19?
7
Calculate the remainder when 211 is divided by (0 + -12 - -14)/(1/12).
19
Calculate the remainder when 315 + -4 - (6 + -11) - -1 is divided by 39.
5
Let q = 18 - 4. Suppose 3*w = -4*d + 6, 0 = 3*w - 4 - 2. Suppose d = -4*a - k + 217, -4*k = -2*a - 3*a + 266. What is the remainder when a is divided by q?
12
Suppose 7*x - 36 = -11*x. Suppose 3*y = -x*w + 93, w - y - 165 = -3*w. What is the remainder when w is divided by 29?
13
Let p = -183 + 231. What is the remainder when 188 is divided by p?
44
Let t(n) be the second derivative of n**3/2 - 7*n**2/2 - 5*n. Let h be t(5). Let w(f) = 11*f - 1. What is the remainder when w(h) is divided by 22?
21
Suppose -41*i + 192 = -25*i. What is the remainder when 118 is divided by i?
10
Suppose -7*r + 84 - 35 = 0. Calculate the remainder when 83 is divided by r.
6
Let n be ((-213)/4)/(21/(-56)). Let m = n - 52. Suppose s + 2 = 2*q - 34, 0 = 5*q - 4*s - m. Calculate the remainder when q is divided by 5.
3
Calculate the remainder when 155 is divided by (-6 + (11 - 4))*35*1.
15
Suppose 61*d + 228 = 73*d. Calculate the remainder when 35 is divided by d.
16
What is the remainder when 3235 is divided by 190*11/22 - 12?
81
Let d = -15 - -25. Suppose -d = 4*z - 198. Calculate the remainder when z - 0*1/2 is divided by 16.
15
Suppose 0 = 63*u - 59*u - 164. What is the remainder when 243 is divided by u?
38
Let l(u) = u**2 + 15*u + 3. Let p be l(-15). Suppose 0 = -p*z - 0*z + 27. Calculate the remainder when z is divided by 3.
0
Suppose -23*n + 1691 - 426 = 0. Calculate the remainder when n is divided by 8.
7
Suppose -3*n = -4*h - 28, -8*n + 3*n + 64 = 2*h. Calculate the remainder when (-100)/(-75) - (-47)/3 is divided by n.
5
Let d(p) = 8*p + 2. Let l be d(1). Let o = l + 1. What is the remainder when (-6)/4 + (-129)/(-6) is divided by o?
9
Suppose 5*l - 20 = -3*p + 74, 74 = 4*l + 3*p. Calculate the remainder when l is divided by 0 + -1 + (11 - -1).
9
Let w(t) = 23*t**2 - 4*t + 1. Let z be w(-5). Let p = 835 - z. What is the remainder when p is divided by 24?
23
Let a be (28/(-6))/(16/24). Let c = 6 + a. Calculate the remainder when 45 is divided by -8*(c - (-2)/(-4)).
9
Let y(w) = -w + 21. Let u be y(0). Suppose 5*g + 9 + 1 = 0. Calculate the remainder when 62 is divided by (u/(-2))/(1/g).
20
Suppose 0 = -p - 4*h + 332, -3*p + 14*h + 986 = 16*h. Calculate the remainder when p is divided by 87.
67
Let l = 33 + -19. Let n = l - -13. What is the remainder when n is divided by 7?
6
Let t(j) = 82*j + 709. Let u(w) = -w**2 - 8*w + 9. Let l be u(-8). Suppose l = 4*v - v, 31 = 2*k + v. Calculate the remainder when t(-8) is divided by k.
11
Let p be 3 - (-3)/(3/37). Suppose 3*t = 8*t + p. Calculate the remainder when (t/(-2) + -13)*-2 is divided by 7.
4
Suppose -5*k - 43 + 113 = 0. Let x(i) = i**2 - 15*i + 3. What is the remainder when k is divided by x(15)?
2
Let y = -22 + 21. Let i(z) = -16*z + 2. Let t be i(y). Let h = -11 + t. Calculate the remainder when h is divided by 5.
2
Let y(c) = c. Let i(b) = -2*b**2 - 8*b - 26. Let f(l) = -i(l) - 5*y(l). Calculate the remainder when f(6) is divided by 17.
14
Let p(j) be the third derivative of -j**5/60 - 5*j**4/12 + j**3/2 - 8*j**2. What is the remainder when 43 is divided by p(-9)?
7
Let p(x) = -x**3 - 6*x**2 - 8*x - 3. Let t be p(-5). Suppose 2*b = b + t. Suppose 339 + 374 = 31*r. Calculate the remainder when r is divided by b.
11
Suppose t - 4*t = 4*w - 732, 2*w - 976 = -4*t. Calculate the remainder when t is divided by 84.
76
Let x = -14 + 16. What is the remainder when 47 is divided by x/4 + (-13)/(-2)?
5
Let j(w) = w**3 - 34*w**2 + 63*w + 44. Calculate the remainder when 57 is divided by j(32).
9
Let g = 1543 + -1520. What is the remainder when (-4)/14 - 1350/(-21) is divided by g?
18
Let o = 32 - -4. Suppose -2*y = y - o. Calculate the remainder when 22 + (3 + -2 - 2) is divided by y.
9
Suppose 3*c - 30 = -3*n + 75, 0 = 5*c - 20. Suppose -1468*u - 9 = -1469*u. What is the remainder when n is divided by u?
4
Let p(c) = -c**2 - 4. Let s be p(0). Let a be ((-342)/(-27))/(s/(-6)). Suppose 0 = 16*x - 17*x + a. Calculate the remainder when 73 is divided by x.
16
Let z(h) = -17*h - 33. What is the remainder when z(-4) is divided by 23?
12
Suppose 44*j + 3*h = 39*j + 613, -j + h + 121 = 0. What is the remainder when j is divided by 22?
12
Suppose 3*d - 311 + 59 = 0. Let u(f) = -f**3 + 8*f**2 - 15*f + 73. What is the remainder when d is divided by u(7)?
16
What is the remainder when 58 is divided by (0 + (-16)/20)*(-6 + -29)?
2
Suppose 4 = -4*z, -c - c + 38 = -4*z. Suppose -117 + 17 = -25*r. Calculate the remainder when c is divided by r.
1
Let n be 172/14 + (-14)/49. Let b(u) = -u**2 + 14*u - 2. What is the remainder when 85 is divided by b(n)?
19
Suppose 45*n - 1010 = 40*n. Calculate the remainder when n is divided by 30.
22
Let n be (-2)/5 + (-17)/(-5). Let j = n - 0. Suppose 9 = j*v - 105. What is the remainder when v is divided by 20?
18
Let m(p) = -p**2 + 9*p - 7. Let q(x) = -2*x - 2. Let h be q(-4). Suppose -20*y + 473 = -9*y. What is the remainder when y is divided by m(h)?
10
Let s = 154 + -78. Suppose 0 = 9*j - s + 22. Suppose 0*y + 32 = 2*y. Calculate the remainder when y is divided by j.
4
Let g(c) = c**2 + 4*c - 8. Let s(d) = d**2 - 2 - 1 - 5 + 3*d. Let i(h) = -3*g(h) + 4*s(h). What is the remainder when i(-7) is divided by 11?
8
Let d(h) = 77*h + 7. What is the remainder when d(1) is divided by 15?
9
What is the remainder when 85 is divided by (9 + -1 - 10)*-23?
39
Let s = -28 + 31. Suppose 0 = -5*p - 4*l + 17 + 21, s*p = -4*l + 18. What is the remainder when p is divided by 3?
1
Let w(p) = p**2 + 13*p - 29. What is the remainder when w(-21) is divided by 72?
67
Suppose 5 = -o, -4*n + 27 = -2*o - o. Suppose 0 = m + n*m - 2*x - 154, -169 = -4*m + 5*x. Calculate the remainder when m is divided by 24.
12
Let o(h) = h**2 - 2*h + 40. Let u(g) = 4*g**2 - 6*g + 120. Let y(t) = -7*o(t) + 2*u(t). What is the remainder when 15 is divided by y(-8)?
7
Suppose 5*c + q - 315 = 3*q, 2*c - 126 = -q. Let i = -154 - -77. Let v = 93 + i. Calculate the remainder when c is divided by v.
15
Suppose 116*s - 115*s - 88 = -b, 3*s - 4*b = 236. What is the remainder when 352 is divided by s?
16
Let y = -375 - -431. Calculate the remainder when 165 is divided by y.
53
Calculate the remainder when 455 is divided by (-59)/(-4) + -3 - (-24)/96.
11
Let g(b) = b**2 + b. Let p be g(0). Suppose -590 = 5*c - p. Calculate the remainder when (c - -1)*(-2)/3 is divided by 27.
24
Let z(c) = 133*c**2 - 1052*c - 1050. Suppose u - 4*u + 69 = 0. Calculate the remainder when z(-1) is divided by u.
20
Let k(w) be the second derivative of -2*w**3/3 - 13*w**2 - 18*w. What is the remainder when 83 is divided by k(-12)?
17
Let i = 238 + -229. What is the remainder when 168 is divided by i?
6
Let m be 16/16 + (-1 - -4). Suppose 197 = 5*y + 2*v - 36, -168 = -m*y + 3*v. What is the remainder when 86 is divided by y?
41
Suppose -4*c = -3 - 13. Let o be (-6)/c*1166/33. Let g = 74 + o. Calculate the remainder when g is divided by 12.
9
Suppose 4*z + 42 = 3*c, 3 = z - 2*z. What is the remainder when (c/(-4))/((-6)/60) is divided by 14?
11
Calculate the remainder when 39 is divided by -2 + ((-24)/12 - (-1 + -31)).
11
Suppose 12*g = 14*g - 6. Suppose 1 = g*m - 5. Calculate the remainder when 4 is divided by m.
0
Let t = 3 + -6. Let a = t - -11. Suppose -122 = -4*s - 4*d + 26, 0 = -5*d - 10. What is the remainder when s is divided by a?
7
Let n(b) = -31*b - 2. Suppose -18*w - r = -20*w + 92, r = -3*w + 143. Calculate the remainder when n(-3) is divided by w.
44
Let h be 18/10 - ((-87)/(-15) + -6). Suppose -w - w + h = 4*t, 25 = 5*w + 5*t. Calculate the remainder when 62 is divided by w.
8
Let u = 80 - -61. Let x = 150 - u. What is the remainder when 3/(-1 + (-36)/(-34)) is divided by x?
6
Let i be 6 + (0 - 1) + 0. Let y be i/(-20) + (-50)/(-8). Calculate the remainder when 3*(2 + (-8)/y) is divided by 2.
0
Let x = 33 + -28. Suppose z = x*z - 260. Suppose 21 - z = -l. Calculate the remainder when l is divided by 24.
20
Let s(c) = -3*c**2 + 43*c - 12. What is the remainder when s(11) is divided by 38?
22
Let b = 